.
-5
Convert 30 (base 6) to base 13.
15
Convert -3 (base 5) to base 3.
-10
What is -b (base 15) in base 5?
-21
3 (base 6) to base 14
3
284 (base 11) to base 6
1314
1001101 (base 2) to base 5
302
Convert -3 (base 6) to base 8.
-3
-11 (base 13) to base 7
-20
Convert 32 (base 6) to base 11.
19
-422 (base 5) to base 4
-1300
7 (base 16) to base 9
7
Convert 11 (base 2) to base 8.
3
Convert -10 (base 4) to base 10.
-4
-6 (base 11) to base 8
-6
What is -18 (base 12) in base 2?
-10100
Convert 1110 (base 2) to base 10.
14
-1 (base 2) to base 6
-1
-9 (base 13) to base 15
-9
What is -61 (base 7) in base 10?
-43
What is 3 (base 6) in base 16?
3
-ba (base 16) to base 12
-136
What is -15 (base 7) in base 6?
-20
10 (base 12) to base 16
c
-3 (base 8) to base 5
-3
59 (base 16) to base 2
1011001
1033 (base 4) to base 15
54
What is 153 (base 9) in base 12?
a9
Convert -336 (base 7) to base 10.
-174
Convert -1 (base 11) to base 8.
-1
11 (base 4) to base 3
12
What is -c (base 15) in base 11?
-11
What is c (base 15) in base 14?
c
Convert -2122 (base 3) to base 9.
-78
What is -53 (base 10) in base 9?
-58
Convert -11 (base 4) to base 8.
-5
Convert -1 (base 4) to base 14.
-1
-3 (base 10) to base 4
-3
-56 (base 7) to base 12
-35
What is 5 (base 15) in base 9?
5
What is -2 (base 10) in base 9?
-2
Convert d (base 14) to base 2.
1101
Convert -111110 (base 2) to base 5.
-222
What is -113 (base 5) in base 10?
-33
-3 (base 8) to base 6
-3
Convert -2 (base 11) to base 4.
-2
What is 1 (base 14) in base 13?
1
What is -4 (base 6) in base 12?
-4
What is -234 (base 8) in base 11?
-132
What is -11 (base 11) in base 9?
-13
What is -17 (base 8) in base 11?
-14
Convert 11 (base 12) to base 7.
16
Convert -100 (base 3) to base 5.
-14
What is -1b (base 15) in base 6?
-42
Convert -301 (base 11) to base 10.
-364
What is 4 (base 7) in base 5?
4
What is -2200 (base 3) in base 16?
-48
Convert -10 (base 3) to base 14.
-3
-1 (base 12) to base 15
-1
Convert -59 (base 12) to base 10.
-69
Convert -24 (base 5) to base 7.
-20
2 (base 16) to base 6
2
Convert 106 (base 15) to base 10.
231
What is 114 (base 8) in base 15?
51
What is 2 (base 8) in base 7?
2
Convert 4 (base 10) to base 4.
10
Convert -11 (base 3) to base 8.
-4
-140 (base 5) to base 12
-39
Convert 6 (base 9) to base 7.
6
-f (base 16) to base 8
-17
What is 40 (base 7) in base 3?
1001
-2 (base 9) to base 12
-2
What is 14b (base 12) in base 4?
3023
-1 (base 16) to base 3
-1
What is 1 (base 3) in base 10?
1
0 (base 9) to base 11
0
Convert 3c (base 16) to base 3.
2020
-8 (base 15) to base 6
-12
What is 5 (base 14) in base 13?
5
What is -2b (base 15) in base 5?
-131
-7 (base 14) to base 9
-7
-44 (base 11) to base 13
-39
Convert -12100 (base 3) to base 14.
-a4
-4 (base 16) to base 5
-4
-100 (base 2) to base 6
-4
Convert 1 (base 6) to base 7.
1
What is 0 (base 5) in base 8?
0
Convert 454 (base 6) to base 4.
2302
47 (base 9) to base 13
34
What is 10 (base 6) in base 12?
6
2 (base 6) to base 2
10
2 (base 11) to base 8
2
What is 35 (base 6) in base 7?
32
Convert 4 (base 16) to base 13.
4
Convert 1 (base 7) to base 11.
1
85 (base 11) to base 16
5d
Convert -32 (base 6) to base 13.
-17
41 (base 6) to base 12
21
-5d (base 14) to base 2
-1010011
0 (base 3) to base 11
0
Convert e9 (base 15) to base 4.
3123
What is -102 (base 4) in base 14?
-14
What is -21 (base 5) in base 12?
-b
Convert -25 (base 7) to base 15.
-14
91 (base 14) to base 13
9a
Convert 1 (base 10) to base 8.
1
-1441 (base 5) to base 3
-100010
Convert 37 (base 11) to base 6.
104
What is -106 (base 10) in base 14?
-78
What is 99 (base 11) in base 12?
90
Convert -b (base 16) to base 2.
-1011
0 (base 7) to base 5
0
What is -35 (base 15) in base 13?
-3b
What is a3 (base 16) in base 12?
117
What is -110 (base 2) in base 14?
-6
What is -160 (base 13) in base 11?
-205
-10 (base 8) to base 11
-8
What is 1 (base 15) in base 3?
1
What is -2 (base 5) in base 3?
-2
1 (base 5) to base 13
1
-12 (base 3) to base 4
-11
What is -1 (base 15) in base 2?
-1
Convert -5 (base 8) to base 16.
-5
0 (base 13) to base 6
0
423 (base 8) to base 4
10103
Convert 22 (base 16) to base 7.
46
Convert 34 (base 7) to base 12.
21
What is -1 (base 3) in base 5?
-1
What is 2 (base 5) in base 9?
2
What is 205 (base 9) in base 15?
b2
What is 3 (base 9) in base 15?
3
What is -1b (base 12) in base 15?
-18
-1000 (base 2) to base 5
-13
130 (base 5) to base 11
37
157 (base 10) to base 13
c1
-2 (base 10) to base 4
-2
What is -6 (base 8) in base 11?
-6
What is 423 (base 8) in base 6?
1135
-11 (base 6) to base 4
-13
What is cb (base 16) in base 12?
14b
Convert 10100 (base 2) to base 15.
15
Convert 12 (base 5) to base 10.
7
-47 (base 13) to base 11
-54
Convert 244 (base 8) to base 14.
ba
What is -70 (base 8) in base 3?
-2002
-10 (base 2) to base 14
-2
What is 2 (base 14) in base 15?
2
What is -66 (base 7) in base 9?
-53
What is 0 (base 11) in base 16?
0
b (base 13) to base 5
21
Convert -1 (base 11) to base 15.
-1
Convert -100010 (base 2) to base 13.
-28
What is -1 (base 3) in base 7?
-1
What is 1 (base 16) in base 12?
1
Convert -22 (base 9) to base 3.
-202
What is 111000 (base 2) in base 14?
40
Convert -110 (base 2) to base 15.
-6
-51 (base 9) to base 6
-114
Convert -120 (base 6) to base 5.
-143
Convert 0 (base 2) to base 16.
0
What is -1 (base 13) in base 15?
-1
Convert 2 (base 6) to base 9.
2
Convert 1 (base 11) to base 6.
1
What is -1333 (base 5) in base 14?
-118
5 (base 8) to base 12
5
17d (base 16) to base 2
101111101
Convert -231 (base 5) to base 8.
-102
What is 5 (base 12) in base 6?
5
Convert -30 (base 8) to base 9.
-26
Convert 10110 (base 2) to base 5.
42
0 (base 8) to base 13
0
What is -12 (base 9) in base 6?
-15
-230 (base 5) to base 4
-1001
What is 110010 (base 2) in base 9?
55
10c (base 13) to base 6
501
Convert 0 (base 3) to base 14.
0
16 (base 9) to base 8
17
What is 42 (base 10) in base 2?
101010
Convert -5 (base 14) to base 13.
-5
12c (base 16) to base 2
100101100
-50 (base 9) to base 3
-1200
365 (base 10) to base 14
1c1
Convert 204 (base 5) to base 8.
66
What is -334 (base 5) in base 11?
-86
What is c (base 14) in base 13?
c
What is 0 (base 10) in base 13?
0
What is -27 (base 14) in base 5?
-120
What is -4 (base 10) in base 14?
-4
What is 204 (base 10) in base 3?
21120
What is 11000 (base 2) in base 8?
30
Convert 143 (base 9) to base 7.
231
Convert -3 (base 5) to base 3.
-10
41 (base 5) to base 16
15
-3 (base 16) to base 10
-3
What is 15 (base 9) in base 16?
e
Convert 33 (base 13) to base 16.
2a
Convert -1 (base 13) to base 9.
-1
What is -24 (base 5) in base 9?
-15
What is 62 (base 16) in base 4?
1202
Convert -14 (base 8) to base 5.
-22
-a9 (base 14) to base 4
-2111
What is 44 (base 11) in base 7?
66
144 (base 8) to base 5
400
What is 257 (base 11) in base 13?
1a5
-10101 (base 2) to base 16
-15
35 (base 9) to base 2
100000
Convert 1000 (base 2) to base 14.
8
2 (base 7) to base 3
2
9 (base 11) to base 14
9
What is -5 (base 9) in base 6?
-5
Convert 15 (base 9) to base 10.
14
What is 31 (base 7) in base 15?
17
What is -238 (base 9) in base 8?
-305
Convert 1 (base 9) to base 8.
1
What is 12 (base 3) in base 16?
5
-22 (base 6) to base 5
-24
-244 (base 10) to base 7
-466
Convert 100111 (base 2) to base 15.
29
Convert -81 (base 15) to base 8.
-171
Convert -4 (base 15) to base 10.
-4
Convert -87 (base 10) to base 12.
-73
What is -100 (base 4) in base 16?
-10
What is -101 (base 2) in base 11?
-5
3 (base 11) to base 14
3
Convert -40 (base 9) to base 11.
-33
What is 1 (base 12) in base 9?
1
What is -7 (base 8) in base 15?
-7
What is -3 (base 7) in base 14?
-3
What is 11 (base 2) in base 4?
3
-4 (base 12) to base 11
-4
Convert -31 (base 13) to base 3.
-1111
What is -25 (base 8) in base 9?
-23
Convert -54 (base 7) to base 2.
-100111
What is 3 (base 11) in base 5?
3
What is -1001 (base 2) in base 13?
-9
15 (base 12) to base 6
25
What is -2 (base 13) in base 16?
-2
What is 1 (base 2) in base 11?
1
5 (base 6) to base 15
5
What is 1201 (base 4) in base 8?
141
What is -3 (base 15) in base 4?
-3
What is -2 (base 7) in base 10?
-2
What is -22 (base 6) in base 11?
-13
146 (base 9) to base 8
173
-10110 (base 2) to base 11
-20
What is 4 (base 5) in base 2?
100
-5 (base 16) to base 12
-5
Convert -10100 (base 2) to base 7.
-26
What is -11000 (base